{"id":497,"date":"2025-01-27T12:34:21","date_gmt":"2025-01-27T12:34:21","guid":{"rendered":"https:\/\/irttv.digitalmarketsolution.com\/event\/erstes-deutschland-quebec-kolloquium-organisiert-von-iftgt-quebec-allemagne\/"},"modified":"2025-01-31T20:53:59","modified_gmt":"2025-01-31T20:53:59","slug":"erstes-deutschland-quebec-kolloquium-organisiert-von-iftgt-quebec-allemagne","status":"publish","type":"tribe_events","link":"https:\/\/irttv.ca\/de\/event\/erstes-deutschland-quebec-kolloquium-organisiert-von-iftgt-quebec-allemagne\/","title":{"rendered":"Erstes Deutschland-Quebec-Kolloquium organisiert von IFTGT &#8211; (Quebec-Deutschland)"},"content":{"rendered":"<div class=\"fusion-fullwidth fullwidth-box fusion-builder-row-1 fusion-flex-container nonhundred-percent-fullwidth non-hundred-percent-height-scrolling\" style=\"--awb-border-radius-top-left:0px;--awb-border-radius-top-right:0px;--awb-border-radius-bottom-right:0px;--awb-border-radius-bottom-left:0px;--awb-flex-wrap:wrap;\" ><div class=\"fusion-builder-row fusion-row fusion-flex-align-items-flex-start fusion-flex-content-wrap\" style=\"max-width:1248px;margin-left: calc(-4% \/ 2 );margin-right: calc(-4% \/ 2 );\"><div class=\"fusion-layout-column fusion_builder_column fusion-builder-column-0 fusion_builder_column_1_1 1_1 fusion-flex-column\" style=\"--awb-bg-size:cover;--awb-width-large:100%;--awb-margin-top-large:0px;--awb-spacing-right-large:1.92%;--awb-margin-bottom-large:0px;--awb-spacing-left-large:1.92%;--awb-width-medium:100%;--awb-spacing-right-medium:1.92%;--awb-spacing-left-medium:1.92%;--awb-width-small:100%;--awb-spacing-right-small:1.92%;--awb-spacing-left-small:1.92%;\"><div class=\"fusion-column-wrapper fusion-flex-justify-content-flex-start fusion-content-layout-column\"><div class=\"fusion-text fusion-text-1\"><p>Wir informieren Sie, dass wir im Sommer 2026 eine Konferenz organisieren, gefolgt von F\u00fchrung durch Industriegebiete, Forschungszentren und Universit\u00e4ten in Quebec. Die Konferenz wird 4 Tage dauernund richtet sich an Unternehmer und Wissenschaftler. Forscher und Ingenieure, die aus Neugier oder auf der Suche nach Gesch\u00e4fts- und Investitionsm\u00f6glichkeiten mehr \u00fcber Quebec erfahren m\u00f6chten, sind herzlich eingeladen, an dieser ersten Konferenz teilzunehmen. Der genaue Termin der Veranstaltung steht derzeit noch nicht fest, er wird aber gegen Ende 2025 angek\u00fcndigt. Lorem ipsum dolor sit amet, consectetur adipiscing elit, sed do eiusmod tempor incididunt ut labore et dolore magna aliqua. Ut enim ad minim veniam, quis nostrud exercitation ullamco laboris nisi ut aliquip ex ea commodo consequat. Duis aute irure dolor in reprehenderit in voluptate velit esse cillum dolore eu fugiat nulla pariatur. Excepteur sint occaecat cupidatat non proident.<\/p>\n<\/div><\/div><\/div><\/div><\/div>\n","protected":false},"excerpt":{"rendered":"","protected":false},"author":3,"featured_media":419,"template":"","meta":{"_acf_changed":false,"inline_featured_image":false,"_tribe_events_status":"","_tribe_events_status_reason":"","footnotes":""},"tags":[],"tribe_events_cat":[31],"class_list":["post-497","tribe_events","type-tribe_events","status-publish","has-post-thumbnail","hentry","tribe_events_cat-konferenzen","cat_konferenzen"],"acf":[],"yoast_head":"<!-- This site is optimized with the Yoast SEO plugin v26.9 - https:\/\/yoast.com\/product\/yoast-seo-wordpress\/ -->\n<title>Erstes Deutschland-Quebec-Kolloquium organisiert von IFTGT - (Quebec-Deutschland) - IRTTV<\/title>\n<meta name=\"robots\" content=\"index, follow, max-snippet:-1, max-image-preview:large, max-video-preview:-1\" \/>\n<link rel=\"canonical\" href=\"https:\/\/irttv.ca\/de\/event\/erstes-deutschland-quebec-kolloquium-organisiert-von-iftgt-quebec-allemagne\/\" \/>\n<meta property=\"og:locale\" content=\"de_DE\" \/>\n<meta property=\"og:type\" content=\"article\" \/>\n<meta property=\"og:title\" content=\"Erstes Deutschland-Quebec-Kolloquium organisiert von IFTGT - (Quebec-Deutschland) - IRTTV\" \/>\n<meta property=\"og:url\" content=\"https:\/\/irttv.ca\/de\/event\/erstes-deutschland-quebec-kolloquium-organisiert-von-iftgt-quebec-allemagne\/\" \/>\n<meta property=\"og:site_name\" content=\"IRTTV\" \/>\n<meta property=\"article:modified_time\" content=\"2025-01-31T20:53:59+00:00\" \/>\n<meta property=\"og:image\" content=\"https:\/\/irttv.ca\/wp-content\/uploads\/2025\/01\/event1.jpg\" \/>\n\t<meta property=\"og:image:width\" content=\"815\" \/>\n\t<meta property=\"og:image:height\" content=\"543\" \/>\n\t<meta property=\"og:image:type\" content=\"image\/jpeg\" \/>\n<meta name=\"twitter:card\" content=\"summary_large_image\" \/>\n<meta name=\"twitter:label1\" content=\"Gesch\u00e4tzte Lesezeit\" \/>\n\t<meta name=\"twitter:data1\" content=\"2\u00a0Minuten\" \/>\n<script type=\"application\/ld+json\" class=\"yoast-schema-graph\">{\"@context\":\"https:\/\/schema.org\",\"@graph\":[{\"@type\":\"WebPage\",\"@id\":\"https:\/\/irttv.ca\/de\/event\/erstes-deutschland-quebec-kolloquium-organisiert-von-iftgt-quebec-allemagne\/\",\"url\":\"https:\/\/irttv.ca\/de\/event\/erstes-deutschland-quebec-kolloquium-organisiert-von-iftgt-quebec-allemagne\/\",\"name\":\"Erstes Deutschland-Quebec-Kolloquium organisiert von IFTGT - (Quebec-Deutschland) - IRTTV\",\"isPartOf\":{\"@id\":\"https:\/\/irttv.ca\/de\/#website\"},\"primaryImageOfPage\":{\"@id\":\"https:\/\/irttv.ca\/de\/event\/erstes-deutschland-quebec-kolloquium-organisiert-von-iftgt-quebec-allemagne\/#primaryimage\"},\"image\":{\"@id\":\"https:\/\/irttv.ca\/de\/event\/erstes-deutschland-quebec-kolloquium-organisiert-von-iftgt-quebec-allemagne\/#primaryimage\"},\"thumbnailUrl\":\"https:\/\/irttv.ca\/wp-content\/uploads\/2025\/01\/event1.jpg\",\"datePublished\":\"2025-01-27T12:34:21+00:00\",\"dateModified\":\"2025-01-31T20:53:59+00:00\",\"breadcrumb\":{\"@id\":\"https:\/\/irttv.ca\/de\/event\/erstes-deutschland-quebec-kolloquium-organisiert-von-iftgt-quebec-allemagne\/#breadcrumb\"},\"inLanguage\":\"de\",\"potentialAction\":[{\"@type\":\"ReadAction\",\"target\":[\"https:\/\/irttv.ca\/de\/event\/erstes-deutschland-quebec-kolloquium-organisiert-von-iftgt-quebec-allemagne\/\"]}]},{\"@type\":\"ImageObject\",\"inLanguage\":\"de\",\"@id\":\"https:\/\/irttv.ca\/de\/event\/erstes-deutschland-quebec-kolloquium-organisiert-von-iftgt-quebec-allemagne\/#primaryimage\",\"url\":\"https:\/\/irttv.ca\/wp-content\/uploads\/2025\/01\/event1.jpg\",\"contentUrl\":\"https:\/\/irttv.ca\/wp-content\/uploads\/2025\/01\/event1.jpg\",\"width\":815,\"height\":543},{\"@type\":\"BreadcrumbList\",\"@id\":\"https:\/\/irttv.ca\/de\/event\/erstes-deutschland-quebec-kolloquium-organisiert-von-iftgt-quebec-allemagne\/#breadcrumb\",\"itemListElement\":[{\"@type\":\"ListItem\",\"position\":1,\"name\":\"Accueil\",\"item\":\"https:\/\/irttv.ca\/de\/\"},{\"@type\":\"ListItem\",\"position\":2,\"name\":\"Veranstaltungen\",\"item\":\"https:\/\/irttv.ca\/de\/events\/\"},{\"@type\":\"ListItem\",\"position\":3,\"name\":\"Erstes Deutschland-Quebec-Kolloquium organisiert von IFTGT &#8211; (Quebec-Deutschland)\"}]},{\"@type\":\"WebSite\",\"@id\":\"https:\/\/irttv.ca\/de\/#website\",\"url\":\"https:\/\/irttv.ca\/de\/\",\"name\":\"IRTTV\",\"description\":\"\",\"potentialAction\":[{\"@type\":\"SearchAction\",\"target\":{\"@type\":\"EntryPoint\",\"urlTemplate\":\"https:\/\/irttv.ca\/de\/?s={search_term_string}\"},\"query-input\":{\"@type\":\"PropertyValueSpecification\",\"valueRequired\":true,\"valueName\":\"search_term_string\"}}],\"inLanguage\":\"de\"}]}<\/script>\n<!-- \/ Yoast SEO plugin. -->","yoast_head_json":{"title":"Erstes Deutschland-Quebec-Kolloquium organisiert von IFTGT - (Quebec-Deutschland) - IRTTV","robots":{"index":"index","follow":"follow","max-snippet":"max-snippet:-1","max-image-preview":"max-image-preview:large","max-video-preview":"max-video-preview:-1"},"canonical":"https:\/\/irttv.ca\/de\/event\/erstes-deutschland-quebec-kolloquium-organisiert-von-iftgt-quebec-allemagne\/","og_locale":"de_DE","og_type":"article","og_title":"Erstes Deutschland-Quebec-Kolloquium organisiert von IFTGT - (Quebec-Deutschland) - IRTTV","og_url":"https:\/\/irttv.ca\/de\/event\/erstes-deutschland-quebec-kolloquium-organisiert-von-iftgt-quebec-allemagne\/","og_site_name":"IRTTV","article_modified_time":"2025-01-31T20:53:59+00:00","og_image":[{"width":815,"height":543,"url":"https:\/\/irttv.ca\/wp-content\/uploads\/2025\/01\/event1.jpg","type":"image\/jpeg"}],"twitter_card":"summary_large_image","twitter_misc":{"Gesch\u00e4tzte Lesezeit":"2\u00a0Minuten"},"schema":{"@context":"https:\/\/schema.org","@graph":[{"@type":"WebPage","@id":"https:\/\/irttv.ca\/de\/event\/erstes-deutschland-quebec-kolloquium-organisiert-von-iftgt-quebec-allemagne\/","url":"https:\/\/irttv.ca\/de\/event\/erstes-deutschland-quebec-kolloquium-organisiert-von-iftgt-quebec-allemagne\/","name":"Erstes Deutschland-Quebec-Kolloquium organisiert von IFTGT - (Quebec-Deutschland) - IRTTV","isPartOf":{"@id":"https:\/\/irttv.ca\/de\/#website"},"primaryImageOfPage":{"@id":"https:\/\/irttv.ca\/de\/event\/erstes-deutschland-quebec-kolloquium-organisiert-von-iftgt-quebec-allemagne\/#primaryimage"},"image":{"@id":"https:\/\/irttv.ca\/de\/event\/erstes-deutschland-quebec-kolloquium-organisiert-von-iftgt-quebec-allemagne\/#primaryimage"},"thumbnailUrl":"https:\/\/irttv.ca\/wp-content\/uploads\/2025\/01\/event1.jpg","datePublished":"2025-01-27T12:34:21+00:00","dateModified":"2025-01-31T20:53:59+00:00","breadcrumb":{"@id":"https:\/\/irttv.ca\/de\/event\/erstes-deutschland-quebec-kolloquium-organisiert-von-iftgt-quebec-allemagne\/#breadcrumb"},"inLanguage":"de","potentialAction":[{"@type":"ReadAction","target":["https:\/\/irttv.ca\/de\/event\/erstes-deutschland-quebec-kolloquium-organisiert-von-iftgt-quebec-allemagne\/"]}]},{"@type":"ImageObject","inLanguage":"de","@id":"https:\/\/irttv.ca\/de\/event\/erstes-deutschland-quebec-kolloquium-organisiert-von-iftgt-quebec-allemagne\/#primaryimage","url":"https:\/\/irttv.ca\/wp-content\/uploads\/2025\/01\/event1.jpg","contentUrl":"https:\/\/irttv.ca\/wp-content\/uploads\/2025\/01\/event1.jpg","width":815,"height":543},{"@type":"BreadcrumbList","@id":"https:\/\/irttv.ca\/de\/event\/erstes-deutschland-quebec-kolloquium-organisiert-von-iftgt-quebec-allemagne\/#breadcrumb","itemListElement":[{"@type":"ListItem","position":1,"name":"Accueil","item":"https:\/\/irttv.ca\/de\/"},{"@type":"ListItem","position":2,"name":"Veranstaltungen","item":"https:\/\/irttv.ca\/de\/events\/"},{"@type":"ListItem","position":3,"name":"Erstes Deutschland-Quebec-Kolloquium organisiert von IFTGT &#8211; (Quebec-Deutschland)"}]},{"@type":"WebSite","@id":"https:\/\/irttv.ca\/de\/#website","url":"https:\/\/irttv.ca\/de\/","name":"IRTTV","description":"","potentialAction":[{"@type":"SearchAction","target":{"@type":"EntryPoint","urlTemplate":"https:\/\/irttv.ca\/de\/?s={search_term_string}"},"query-input":{"@type":"PropertyValueSpecification","valueRequired":true,"valueName":"search_term_string"}}],"inLanguage":"de"}]}},"_links":{"self":[{"href":"https:\/\/irttv.ca\/de\/wp-json\/wp\/v2\/tribe_events\/497","targetHints":{"allow":["GET"]}}],"collection":[{"href":"https:\/\/irttv.ca\/de\/wp-json\/wp\/v2\/tribe_events"}],"about":[{"href":"https:\/\/irttv.ca\/de\/wp-json\/wp\/v2\/types\/tribe_events"}],"author":[{"embeddable":true,"href":"https:\/\/irttv.ca\/de\/wp-json\/wp\/v2\/users\/3"}],"version-history":[{"count":8,"href":"https:\/\/irttv.ca\/de\/wp-json\/wp\/v2\/tribe_events\/497\/revisions"}],"predecessor-version":[{"id":719,"href":"https:\/\/irttv.ca\/de\/wp-json\/wp\/v2\/tribe_events\/497\/revisions\/719"}],"wp:featuredmedia":[{"embeddable":true,"href":"https:\/\/irttv.ca\/de\/wp-json\/wp\/v2\/media\/419"}],"wp:attachment":[{"href":"https:\/\/irttv.ca\/de\/wp-json\/wp\/v2\/media?parent=497"}],"wp:term":[{"taxonomy":"post_tag","embeddable":true,"href":"https:\/\/irttv.ca\/de\/wp-json\/wp\/v2\/tags?post=497"},{"taxonomy":"tribe_events_cat","embeddable":true,"href":"https:\/\/irttv.ca\/de\/wp-json\/wp\/v2\/tribe_events_cat?post=497"}],"curies":[{"name":"wp","href":"https:\/\/api.w.org\/{rel}","templated":true}]}}

<div class="fusion-fullwidth fullwidth-box fusion-builder-row-1 fusion-flex-container nonhundred-percent-fullwidth non-hundred-percent-height-scrolling" style="--awb-border-radius-top-left:0px;--awb-border-radius-top-right:0px;--awb-border-radius-bottom-right:0px;--awb-border-radius-bottom-left:0px;--awb-flex-wrap:wrap;" ><div class="fusion-builder-row fusion-row fusion-flex-align-items-flex-start fusion-flex-content-wrap" style="max-width:1248px;margin-left: calc(-4% / 2 );margin-right: calc(-4% / 2 );"><div class="fusion-layout-column fusion_builder_column fusion-builder-column-0 fusion_builder_column_1_1 1_1 fusion-flex-column" style="--awb-bg-size:cover;--awb-width-large:100%;--awb-margin-top-large:0px;--awb-spacing-right-large:1.92%;--awb-margin-bottom-large:0px;--awb-spacing-left-large:1.92%;--awb-width-medium:100%;--awb-spacing-right-medium:1.92%;--awb-spacing-left-medium:1.92%;--awb-width-small:100%;--awb-spacing-right-small:1.92%;--awb-spacing-left-small:1.92%;"><div class="fusion-column-wrapper fusion-flex-justify-content-flex-start fusion-content-layout-column"><div class="fusion-text fusion-text-1"><p>Wir informieren Sie, dass wir im Sommer 2026 eine Konferenz organisieren, gefolgt von Führung durch Industriegebiete, Forschungszentren und Universitäten in Quebec. Die Konferenz wird 4 Tage dauernund richtet sich an Unternehmer und Wissenschaftler. Forscher und Ingenieure, die aus Neugier oder auf der Suche nach Geschäfts- und Investitionsmöglichkeiten mehr über Quebec erfahren möchten, sind herzlich eingeladen, an dieser ersten Konferenz teilzunehmen. Der genaue Termin der Veranstaltung steht derzeit noch nicht fest, er wird aber gegen Ende 2025 angekündigt. Lorem ipsum dolor sit amet, consectetur adipiscing elit, sed do eiusmod tempor incididunt ut labore et dolore magna aliqua. Ut enim ad minim veniam, quis nostrud exercitation ullamco laboris nisi ut aliquip ex ea commodo consequat. Duis aute irure dolor in reprehenderit in voluptate velit esse cillum dolore eu fugiat nulla pariatur. Excepteur sint occaecat cupidatat non proident.</p>
</div></div></div></div></div>

<!-- This site is optimized with the Yoast SEO plugin v26.9 - https://yoast.com/product/yoast-seo-wordpress/ -->
<title>Erstes Deutschland-Quebec-Kolloquium organisiert von IFTGT - (Quebec-Deutschland) - IRTTV</title>
<meta name="robots" content="index, follow, max-snippet:-1, max-image-preview:large, max-video-preview:-1" />
<link rel="canonical" href="https://irttv.ca/de/event/erstes-deutschland-quebec-kolloquium-organisiert-von-iftgt-quebec-allemagne/" />
<meta property="og:locale" content="de_DE" />
<meta property="og:type" content="article" />
<meta property="og:title" content="Erstes Deutschland-Quebec-Kolloquium organisiert von IFTGT - (Quebec-Deutschland) - IRTTV" />
<meta property="og:url" content="https://irttv.ca/de/event/erstes-deutschland-quebec-kolloquium-organisiert-von-iftgt-quebec-allemagne/" />
<meta property="og:site_name" content="IRTTV" />
<meta property="article:modified_time" content="2025-01-31T20:53:59+00:00" />
<meta property="og:image" content="https://irttv.ca/wp-content/uploads/2025/01/event1.jpg" />
	<meta property="og:image:width" content="815" />
	<meta property="og:image:height" content="543" />
	<meta property="og:image:type" content="image/jpeg" />
<meta name="twitter:card" content="summary_large_image" />
<meta name="twitter:label1" content="Geschätzte Lesezeit" />
	<meta name="twitter:data1" content="2 Minuten" />
<script type="application/ld+json" class="yoast-schema-graph">{"@context":"https://schema.org","@graph":[{"@type":"WebPage","@id":"https://irttv.ca/de/event/erstes-deutschland-quebec-kolloquium-organisiert-von-iftgt-quebec-allemagne/","url":"https://irttv.ca/de/event/erstes-deutschland-quebec-kolloquium-organisiert-von-iftgt-quebec-allemagne/","name":"Erstes Deutschland-Quebec-Kolloquium organisiert von IFTGT - (Quebec-Deutschland) - IRTTV","isPartOf":{"@id":"https://irttv.ca/de/#website"},"primaryImageOfPage":{"@id":"https://irttv.ca/de/event/erstes-deutschland-quebec-kolloquium-organisiert-von-iftgt-quebec-allemagne/#primaryimage"},"image":{"@id":"https://irttv.ca/de/event/erstes-deutschland-quebec-kolloquium-organisiert-von-iftgt-quebec-allemagne/#primaryimage"},"thumbnailUrl":"https://irttv.ca/wp-content/uploads/2025/01/event1.jpg","datePublished":"2025-01-27T12:34:21+00:00","dateModified":"2025-01-31T20:53:59+00:00","breadcrumb":{"@id":"https://irttv.ca/de/event/erstes-deutschland-quebec-kolloquium-organisiert-von-iftgt-quebec-allemagne/#breadcrumb"},"inLanguage":"de","potentialAction":[{"@type":"ReadAction","target":["https://irttv.ca/de/event/erstes-deutschland-quebec-kolloquium-organisiert-von-iftgt-quebec-allemagne/"]}]},{"@type":"ImageObject","inLanguage":"de","@id":"https://irttv.ca/de/event/erstes-deutschland-quebec-kolloquium-organisiert-von-iftgt-quebec-allemagne/#primaryimage","url":"https://irttv.ca/wp-content/uploads/2025/01/event1.jpg","contentUrl":"https://irttv.ca/wp-content/uploads/2025/01/event1.jpg","width":815,"height":543},{"@type":"BreadcrumbList","@id":"https://irttv.ca/de/event/erstes-deutschland-quebec-kolloquium-organisiert-von-iftgt-quebec-allemagne/#breadcrumb","itemListElement":[{"@type":"ListItem","position":1,"name":"Accueil","item":"https://irttv.ca/de/"},{"@type":"ListItem","position":2,"name":"Veranstaltungen","item":"https://irttv.ca/de/events/"},{"@type":"ListItem","position":3,"name":"Erstes Deutschland-Quebec-Kolloquium organisiert von IFTGT &#8211; (Quebec-Deutschland)"}]},{"@type":"WebSite","@id":"https://irttv.ca/de/#website","url":"https://irttv.ca/de/","name":"IRTTV","description":"","potentialAction":[{"@type":"SearchAction","target":{"@type":"EntryPoint","urlTemplate":"https://irttv.ca/de/?s={search_term_string}"},"query-input":{"@type":"PropertyValueSpecification","valueRequired":true,"valueName":"search_term_string"}}],"inLanguage":"de"}]}</script>
<!-- / Yoast SEO plugin. -->
